 divided by o.
7
Let u(c) = -c**2 + 5*c. Let q be u(7). What is the remainder when 57 is divided by 2*3/6 - q?
12
Let r = 36 + -24. Suppose 0 = -3*b + 153 + r. Suppose 2*h + m - 44 = -3*m, -5*h + m + b = 0. Calculate the remainder when 21 is divided by h.
9
Suppose 3*v + 28 = 79. Let y = -13 - -44. Calculate the remainder when y is divided by v.
14
Suppose 4*u - 12 = i + 3*i, 4*u = -i + 22. Suppose 8 = -3*p + 26. Let t = p + u. Calculate the remainder when 21 is divided by t.
10
Suppose -140 = -28*f + 21*f. Calculate the remainder when 76 is divided by f.
16
Suppose -2*p - 4*r = -24, 0*p - 3*p = -3*r - 81. Calculate the remainder when p is divided by 14.
8
Suppose -z + j = -89, -3*z - 3*j + 2*j = -251. What is the remainder when z is divided by 22?
19
Let l(z) = -2*z**2 + 9*z + 1. Calculate the remainder when 39 is divided by l(4).
4
Let f(j) = j**3 - 2*j**2 + 4. Let l = 136 - 87. Calculate the remainder when l is divided by f(3).
10
Let q be -2 + ((-1)/(-1) - -1). Suppose q = 2*r - 14 - 4. What is the remainder when 16 is divided by 6/(15/r + -1)?
7
Let m = 3 - 4. Let g be 3 - (m + -1 - -1). Suppose -y - g + 8 = 0. Calculate the remainder when 7 is divided by y.
3
What is the remainder when ((-8)/(-3))/(2/6) is divided by 2?
0
Suppose 44 + 43 = 3*n. What is the remainder when n is divided by 16?
13
Let v be -4*(1 - (-3)/(-2)). Suppose -v*n + 120 = 3*n. What is the remainder when n is divided by 9?
6
Suppose 0 = -2*z + 6, -3*r + 78 = -z + 2*z. Let o be (-2 - -26)*(-2)/3. Let u = r + o. What is the remainder when 17 is divided by u?
8
Suppose 4*h + s - 6*s = 50, 2*h + 2*s - 16 = 0. Suppose 0 = 3*g + 5*p - 27, 2*g = 2*p - p + 5. Calculate the remainder when h + -1 + 2/1 is divided by g.
3
Let c be 42/6 + (-1 - -1). Let i = -9 + c. What is the remainder when 7 is divided by (0 - i) + 0 + 0?
1
Suppose 0 = 14*v - 7*v - 119. Let f(y) = y**2 + 1. What is the remainder when v is divided by f(2)?
2
Suppose 4*s + 3 = s + 3*i, -5*s - i = 17. Let f be (-7)/s*(-2 - 1). Let p = f + 19. Calculate the remainder when 22 is divided by p.
10
Suppose 0*q + 2*q - 120 = 0. Suppose -4*a + 2*n + q = 0, 2*a + 3*n - 64 = -3*a. What is the remainder when 55 is divided by a?
13
Suppose 3*m = 3*s + 55 - 13, 2*m - 5*s = 40. Suppose -3*j + 43 = -41. What is the remainder when j is divided by m?
8
Let n(z) = z**3 - 8*z**2 + 6*z + 10. Let s be n(7). Suppose -p = -s*p + 22. What is the remainder when (-2 + 2 - -1)*31 is divided by p?
9
Let z = 44 - 28. Let g be 1 - (-3)/(4 + -1). Suppose -4*l = n - 0*n - 46, -g*l + z = -3*n. Calculate the remainder when l is divided by 4.
3
What is the remainder when 25 is divided by (24 - 18) + 4*1?
5
Suppose -6*h + h - 5*k = -60, 5*h - 4*k - 24 = 0. Calculate the remainder when 23 is divided by h.
7
Let f be 5/(-1) + (8 - 7). Let p = 22 + f. Calculate the remainder when 17 is divided by (-2 + 0)/((-4)/p).
8
Suppose -f + 3*f - 248 = -4*y, 2*y - 4*f - 124 = 0. Let b(a) = -3*a**3 + 2*a + 1. What is the remainder when y is divided by b(-2)?
20
Let c(h) = h**3 - 7*h**2 + 4*h + 8. Let o be c(6). Calculate the remainder when 28 is divided by (-96)/(-10) - o/10.
8
Let c(y) = y - 5. What is the remainder when 32 is divided by c(12)?
4
Let g be ((-2)/4)/((-2)/4). Suppose -20 = -4*x, -g = -2*k - 0*x + x. Suppose 0 = 5*h, -k*d + 6 = -0*d - h. What is the remainder when 3 is divided by d?
1
Suppose 4*l + v - 22 = -v, 5*v = 4*l - 15. What is the remainder when l is divided by 3?
2
Suppose 4*j = 14 + 10. Calculate the remainder when 1 - 1/(1/(-40)) is divided by j.
5
Suppose -3*r = -3*b + 6*b - 21, -r + 29 = 3*b. Calculate the remainder when 21 is divided by b.
10
Let a = 14 + -1. Calculate the remainder when 48 is divided by a.
9
Suppose 2 = 3*n - 1. Calculate the remainder when n is divided by 1.
0
Let y be -1*6/(-2) - -1. Suppose 0 = -y*c + c + 15. Calculate the remainder when c is divided by 3.
2
Let x(g) = 2*g - 32. What is the remainder when 17 is divided by x(21)?
7
Let t(u) = u**3 + 11*u**2 + 12*u - 4. What is the remainder when t(-9) is divided by 17 + (-2 + 2)/(-3)?
16
Suppose 2*x = 64 - 18. Calculate the remainder when x is divided by 16.
7
What is the remainder when 4/(-2)*196/(-8) is divided by 26?
23
Let m(k) = -k**3 + 4*k**2 - 2*k. Let d be m(3). Suppose -7*h = -d*h - 164. Suppose -o + 70 = 4*o. Calculate the remainder when h is divided by o.
13
Suppose 4*f - v - 39 = 78, -5*f - 5*v + 115 = 0. Calculate the remainder when 82 is divided by f.
26
Suppose 8 = -c + 4*x + 1, 3*c - 5*x = 0. Suppose -4*z = -6*z + 14. Calculate the remainder when z is divided by c.
2
Let q(m) = -3*m**2 + 4*m + 3. Let l be q(-3). Let r = -2 - l. Let h(d) = d**2 + d + 3. What is the remainder when r is divided by h(-3)?
7
What is the remainder when 2/8 + (-1470)/(-40) is divided by 13?
11
Let q(z) = -48*z - 4. What is the remainder when q(-1) is divided by 13?
5
Let n(i) = -2*i - 2. What is the remainder when n(-9) is divided by 9?
7
Suppose -b - 4*b = -5*d - 45, 2*b - 30 = -2*d. Calculate the remainder when b is divided by 3.
0
Let f = 60 - 44. Suppose x = -5*y + 19, -36 = -4*x - 5*y + 10. What is the remainder when f is divided by x?
7
Suppose -4*u + 2*v + 2 = 0, 38 = -3*u - 5*v + 7. What is the remainder when 27 is divided by (7/u)/((-6)/12)?
6
Suppose -8 = 2*s, 2*h + 12 = -3*s - 2*s. Suppose -u + 5*u - 20 = 0, 2*y + h*u = 38. Let c = -13 - -18. Calculate the remainder when y is divided by c.
4
Suppose 5*i = 3*o - 28, 3*i = -o - i - 2. Calculate the remainder when 16 is divided by o.
4
Suppose -y = -5*i + 187, 4*y = -0*i + 2*i - 64. Calculate the remainder when i is divided by 13.
12
Let l be ((-2)/(-7))/(3/21). Suppose -l*d + 0*d + 56 = 0. What is the remainder when (d/(-6))/((-4)/30) is divided by 12?
11
Let w(t) = t**2 - 6*t + 5. Let d(o) = o**2 - 2*o - 1. Let z be d(4). Let j be w(z). Let g = 31 - j. What is the remainder when g is divided by 7?
5
Suppose g - 2*a - 2*a = 37, a = 0. Let q(x) = 3*x**2 + x - 4. Let n be q(5). Suppose -4*d + n = -0*d. Calculate the remainder when g is divided by d.
18
Let m = -95 - -117. What is the remainder when 1*(3 + -1) - -41 is divided by m?
21
What is the remainder when (-48)/(-2)*(-6)/(-12) is divided by 7?
5
Suppose -40*o = -34*o - 102. Calculate the remainder when 50 is divided by o.
16
Suppose 2*m - 24 = -0*m. What is the remainder when 47 is divided by m?
11
Let c = -7 - -11. Suppose 5*l + 11 = 36. What is the remainder when l is divided by c?
1
Let z = 25 - 2. What is the remainder when 43 is divided by z?
20
Let l = 60 - 43. Suppose 5*f = -c + 40, 0 = -f + 2*c - 5*c - 6. Calculate the remainder when l is divided by f.
8
Let j(l) = -l**2 - 11*l + 13. Calculate the remainder when j(-6) is divided by 23.
20
Let a be 4/(-18) - 681/(-27). Let g = a + 3. What is the remainder when g is divided by -3 - (-2 - 14 - -3)?
8
Suppose 16 - 6 = -5*f - 3*p, -5*f + 3*p + 20 = 0. Let g be 15/6*6/5. Suppose -1 = l - g. Calculate the remainder when l is divided by f.
0
Let r(s) = -33*s**3 - 2*s**2 + 2. Calculate the remainder when 197 is divided by r(-1).
32
Suppose 8*m - 5*m = 33. Calculate the remainder when 63 is divided by m.
8
Let f be (-10)/35 + 9/7. Let q = 20 + -41. What is the remainder when q*(f/(-1))/3 is divided by 3?
1
Let r = 200 - 85. Suppose 3*x = 5*l + 67, 5*x - 2*l = 3*l + r. What is the remainder when x is divided by 13?
11
Suppose -44 = -d - 0*d. Let q be 5 - 1 - 1/(-1). Let a = q + 10. Calculate the remainder when d is divided by a.
14
Let q(o) = o + 5. Let z be q(0). Suppose 37*v = 33*v + 92. Calculate the remainder when v is divided by 30*(6/z)/3.
11
Let y = 28 + 1. Suppose -2*r + y = b, -b = r + 4*r - 74. Calculate the remainder when r is divided by 9.
6
Let n(o) = -1 + 5*o**2 + 5 + o + 3*o - o**3. Let b be n(6). Let q(l) = -l + 4. Calculate the remainder when 23 is divided by q(b).
11
Let v(g) = -8*g - 4. Calculate the remainder when v(-10) is divided by 39.
37
Suppose c = 16 - 5. Calculate the remainder when 41 is divided by c.
8
Let d(r) = 2*r**2 - 3*r + 2. Let u = -6 - -20. Suppose 0 = 2*j - h + 5*h - u, -3 = -3*j + 3*h. Calculate the remainder when d(2) is divided by j.
1
Suppose -2*m + 175 = 3*v, 4*m = 5*v + 170 + 125. Let l(x) = -x**3 + 7*x**2 + 5*x - 8. Calculate the remainder when m is divided by l(7